2. Determine g(-2).
2294
Let d(h) = 831*h + 19918. Calculate d(-24).
-26
Let o(c) = 226*c - 122. Calculate o(2).
330
Let k(m) = 2142*m - 115690. What is k(54)?
-22
Let o(s) = -s**2 - 37*s + 10038. Calculate o(-116).
874
Let i(w) = -1236*w + 50484. What is i(41)?
-192
Let o(j) = 4*j**3 + 180*j**2 + 179*j + 7895. Calculate o(-45).
-160
Let m(t) = -22*t**2 - 12589*t + 60580. What is m(-577)?
-5
Let r(j) = -292*j**2 + 1169*j + 14. Give r(4).
18
Let f(u) = -6967*u - 243856. What is f(-35)?
-11
Let o(y) = 5565*y + 378419. What is o(-68)?
-1
Let n(i) = -i**2 + 287*i + 12610. Determine n(-39).
-104
Let x(d) = -14801*d - 6320038. What is x(-427)?
-11
Let b(d) = -d**3 + 41*d**2 - 272*d + 216. Calculate b(31).
1394
Let t(d) = -416*d + 3754. What is t(9)?
10
Let l(v) = 5*v**3 - 57*v**2 - 23*v + 606. What is l(12)?
762
Let c(v) = 12*v**3 + 206*v**2 - 840*v + 9. Calculate c(4).
713
Let x(f) = -1409*f - 10717. Determine x(-7).
-854
Let b(a) = 52*a - 3092. Give b(65).
288
Let g(o) = -3*o**3 + 50*o**2 - 186*o + 21. Give g(11).
32
Let u(a) = 40*a**2 + 527*a + 1456. What is u(-5)?
-179
Let w(l) = 4*l**2 + 199*l + 1912. Give w(-10).
322
Let q(b) = -7*b**3 - 228*b**2 - 116*b + 443. Calculate q(-32).
59
Let a(r) = -102*r + 7033. Calculate a(62).
709
Let t(u) = -u**3 - 21*u**2 + 111*u - 1304. What is t(-27)?
73
Let g(b) = -75308*b + 451787. Give g(6).
-61
Let y(j) = 21*j**2 + 332*j + 1152. Determine y(-13).
385
Let p(g) = g**3 - 239*g**2 - 979*g - 77. Give p(243).
-1778
Let t(l) = -1225*l - 126186. Determine t(-103).
-11
Let i(s) = -116*s**2 + 16880*s - 41760. Calculate i(143).
-4
Let r(s) = -4*s**3 + 898*s**2 + 540*s - 20260. What is r(225)?
-10
Let v(t) = 2*t**3 + 27*t**2 + 48*t + 129. Determine v(-12).
-15
Let v(t) = 54*t - 6388. Give v(121).
146
Let y(j) = -16*j**2 - 1067*j - 203. Give y(-67).
-538
Let u(p) = p**3 - 112*p**2 + 2968*p - 50. Calculate u(69).
19
Let u(y) = -94453*y - 944481. What is u(-10)?
49
Let j(z) = -2*z**3 - 3*z**2 + 19*z - 71. Determine j(-6).
139
Let o(x) = 3*x**2 + 4305*x + 294411. Calculate o(-72).
3
Let p(h) = -h**3 + 97*h**2 - 704*h + 113. Determine p(8).
177
Let n(o) = 27*o + 383. What is n(-24)?
-265
Let l(f) = 2*f**3 + 142*f**2 + 2102*f + 174753. What is l(-73)?
-9
Let u(s) = 461*s - 8636. What is u(19)?
123
Let v(s) = 916*s + 18810. Give v(-20).
490
Let b(l) = 891*l + 7106. Calculate b(-8).
-22
Let k(r) = 620*r + 7522. What is k(-11)?
702
Let x(r) = 13807*r - 10475. Give x(1).
3332
Let f(z) = -19982*z - 659436. What is f(-33)?
-30
Let r(s) = -s**3 - 7*s**2 - 919775*s - 7358244. What is r(-8)?
20
Let v(i) = 347*i**2 - 4732*i - 13126. Give v(16).
-6
Let f(y) = 1078*y + 737360. What is f(-684)?
8
Let m(c) = -c**2 - 181*c + 51586. Determine m(-335).
-4
Let c(g) = -1070*g + 71522. What is c(67)?
-168
Let r(s) = 22*s**2 - 1065*s - 874124. Give r(225).
1
Let d(h) = 181091*h + 1448729. Determine d(-8).
1
Let h(y) = y**3 - 53*y**2 + 282*y - 12. Determine h(47).
-12
Let z(r) = 20405*r - 938663. Give z(46).
-33
Let x(f) = -3*f**2 - 3145*f + 143126. Calculate x(-1092).
74
Let b(d) = d**3 - 29*d**2 - 494*d - 1721. Calculate b(-7).
-27
Let u(p) = -4*p**3 - 2*p**2 + 48*p - 16. Calculate u(-4).
16
Let w(d) = 5*d**2 - 166*d - 2121. Calculate w(45).
534
Let i(b) = 6002*b - 1116449. Calculate i(186).
-77
Let r(n) = -18*n**3 + 12*n**2 - 176*n - 187. Determine r(-1).
19
Let d(l) = 252*l + 6121. Give d(-24).
73
Let q(k) = -k**3 - 14*k**2 + 680*k + 9986. What is q(-15)?
11
Let z(o) = 2*o**3 - 263*o**2 - 383*o - 1861. Calculate z(133).
267
Let j(w) = 3*w**2 + 14162*w + 14809492. Calculate j(-3157).
5
Let c(n) = -n**3 + 255*n**2 + 252*n + 1006. Determine c(256).
-18
Let m(h) = 2*h**2 + 6587*h + 2635201. Determine m(-466).
-29
Let c(z) = -z**2 - 158*z - 5766. Give c(-58).
34
Let q(o) = 31581*o + 157936. Give q(-5).
31
Let n(r) = 5578*r + 15001. What is n(-3)?
-1733
Let b(m) = -12*m**2 - 281*m - 940. Calculate b(-4).
-8
Let d(t) = -278*t**3 + t**2 + 284*t - 285. Give d(1).
-278
Let r(c) = 37*c**2 - 79*c - 194. What is r(-3)?
376
Let x(p) = -7*p**3 - 51*p**2 - 168*p - 676. What is x(-6)?
8
Let i(v) = 17*v - 1221. Determine i(0).
-1221
Let f(r) = -r**3 + 4*r**2 + 9*r - 109. Determine f(0).
-109
Let q(u) = -2*u**2 + 86535*u + 173068. Give q(-2).
-10
Let l(k) = k**2 + 126*k + 584. What is l(-103)?
-1785
Let v(a) = -48*a**2 + 9648*a + 65. Give v(201).
65
Let a(c) = 717*c + 6469. Give a(-11).
-1418
Let d(f) = 5*f**3 - 750*f**2 - 1482*f + 23. Determine d(-2).
-53
Let c(p) = -6*p**3 + 199*p**2 + 354*p - 10861. Give c(33).
1910
Let j(u) = 3335*u**2 - 50130*u + 47. Give j(15).
-1528
Let n(c) = 827*c**2 + 15846*c + 2531. What is n(-19)?
4
Let f(k) = -k**3 + 44*k**2 - 431*k - 240. Give f(27).
516
Let r(j) = -760422*j + 28896033. Determine r(38).
-3
Let a(p) = -89*p - 680. Determine a(37).
-3973
Let u(r) = -5639*r + 2120279. What is u(376)?
15
Let f(w) = 2922*w - 523074. What is f(179)?
-36
Let r(a) = -a**3 + 25*a**2 - 7*a - 385. Calculate r(23).
512
Let s(p) = -17*p**3 + 4034*p**2 - 1183*p - 483. Determine s(237).
-9
Let n(u) = u**3 - 3*u**2 - 1001*u + 21. Determine n(-29).
2138
Let w(a) = 3*a**3 + 6*a**2 - 1548*a - 6162. What is w(-4)?
-66
Let w(v) = -14547*v - 4145921. What is w(-285)?
-26
Let u(o) = 167*o**2 + 2769*o + 9206. Calculate u(-12).
26
Let u(h) = 620*h + 48313. Give u(-78).
-47
Let o(t) = -5564*t - 1001507. Calculate o(-180).
13
Let v(r) = -14622*r - 102338. What is v(-7)?
16
Let j(l) = l**3 - 11*l**2 - 588*l + 6472. Determine j(11).
4
Let c(r) = -5252*r + 20827. Calculate c(4).
-181
Let v(z) = -700*z + 5758. Determine v(9).
-542
Let t(l) = l**3 - 40*l**2 + 202*l + 77. Calculate t(34).
9
Let v(j) = j**3 + 263*j**2 + 282*j + 11250. Give v(-262).
6010
Let t(p) = -501*p + 72690. Calculate t(145).
45
Let v(m) = 7366*m - 294459. Give v(40).
181
Let m(f) = -2611*f + 281997. Calculate m(108).
9
Let w(n) = 20599*n - 308978. Calculate w(15).
7
Let b(w) = -92*w**2 + 885*w + 283. What is b(10)?
-67
Let c(k) = 6537*k + 24700. What is c(-4)?
-1448
Let o(a) = -148*a + 7574. Give o(52).
-122
Let a(c) = 2542*c + 2953803. Calculate a(-1162).
-1
Let x(a) = -12*a**3 + 657*a**2 + 162*a + 148. Determine x(55).
-17
Let u(q) = 2*q**3 - 127*q**2 - 764*q + 264. Determine u(69).
-81
Let x(n) = -7627*n + 106794. Determine x(14).
16
Let n(v) = v**3 - 51*v**2 - 382*v - 802. Calculate n(58).
590
Let n(j) = -170*j**3 - 182*j**2 - 22*j - 5. Calculate n(-1).
5
Let f(m) = 4*m**2 + 2706*m + 13724. Give f(-5).
294
Let i(c) = -c**2 - 1223*c + 47906. Calculate i(38).
-12
Let x(q) = 51*q**2 - 3418*q - 10685. What is x(70)?
-45
Let f(r) = r**2 + 5015*r - 15054. Give f(3).
0
Let o(p) = 37*p**2 - 954*p + 4097. Calculate o(6).
-295
Let v(l) = -7*l + 216. Calculate v(74).
-302
Let r(i) = -22*i**2 - 1811*i - 2316. Determine r(-81).
33
Let x(a) = a**3 - 13*a**2 + 37*a - 9765. What is x(26)?
-15
Let b(k) = 1017200*k - 8137606. Determine b(8).
-6
Let h(f) = 29*f**3 - 19*f**2 - 24*f + 44. Give h(4).
1500
Let d(v) = v**3 - 30*v**2 - 337*v + 67. Determine d(39).
613
Let d(o) = -o**3 - 4*o**2 + 1560*o + 13621. Calculate d(-9).
-14
Let d(l) = 5182*l - 1046773. Calculate d(202).
-9
Let g(t) = 1950*t - 21445. Calculate g(11).
5
Let s(b) = 26*b**2 - 306*b + 874. Determine s(10).
414
Let y(b) = b**3 - 4*b**2 + 22*b - 22. Calculate y(5).
113
Let l(k) = -k**3 - 9*k**2 - 67*k - 1503. Calculate l(-11).
-524
Let k(g) = 5104*g + 5159. Calculate k(-1).
55
Let g(n) = -n**3 - 72*n**2 + 638*n - 57. Determine g(8).
-73
Let j(z) = 761*z - 31492. Calculate j(42).
470
Let w(c) = -21*c**2 - 2104*c - 6322. Determine w(-3).
-199
Let d(k) = -k**3 - 127*k**2 + 279*k + 3772. Calculate d(-129).
1063
Let b(t) = 5*t**3 - 28*t**2 + 39*t - 121. Calculate b(5).
-1
Let w(d) = -1814*d - 6887. Determine w(-4).
369
Let f(l) = -16*l**2 + 182326*l - 182327. Calculate f(1).
-17
Let g(n) = -2*n**3 - 7347*n**2 + 73650*n + 196. Give g(10).
-4
Let h(i) = -84*i**2 - 460*i + 238. What is h(-6)?
-26
Let m(v) = -v**2 + 3169. Calculate m(-46).
1053
Let s(t) = -5*t**2 + 169993*t - 1189723. Give s(7).
-17
Let z(d) = -d**3 + 33*d**2 - 560*d + 6825. What is z(22)?
-171
Let x(k) = k**2 - 22932*k - 114632. What is x(-5)?
53
Let w(l) = -2743*l**2 + 10949*l - 5. Determine w(4).
-97
Let q(i) = -2*i**2 - 296*i - 10945. Give q(-71).
-11
Let c(p) = -958*p - 6295